{"id":115,"date":"2025-09-10T10:32:40","date_gmt":"2025-09-10T10:32:40","guid":{"rendered":"https:\/\/bandamusicajaca.es\/?page_id=115"},"modified":"2026-02-25T11:12:19","modified_gmt":"2026-02-25T11:12:19","slug":"hazte-soci","status":"publish","type":"page","link":"https:\/\/bandamusicajaca.es\/index.php\/hazte-soci\/","title":{"rendered":"Hazte soci@"},"content":{"rendered":"\t\t<div data-elementor-type=\"wp-page\" data-elementor-id=\"115\" class=\"elementor elementor-115\">\n\t\t\t\t<div class=\"elementor-element elementor-element-6511850 e-flex e-con-boxed e-con e-parent\" data-id=\"6511850\" data-element_type=\"container\" data-e-type=\"container\">\n\t\t\t\t\t<div class=\"e-con-inner\">\n\t\t\t\t<div class=\"elementor-element elementor-element-a283328 elementor-widget elementor-widget-heading\" data-id=\"a283328\" data-element_type=\"widget\" data-e-type=\"widget\" data-widget_type=\"heading.default\">\n\t\t\t\t\t<h2 class=\"elementor-heading-title elementor-size-default\">Hazte soci@<\/h2>\t\t\t\t<\/div>\n\t\t<div class=\"elementor-element elementor-element-b8b0c88 e-con-full e-flex e-con e-child\" data-id=\"b8b0c88\" data-element_type=\"container\" data-e-type=\"container\">\n\t\t\t\t<div class=\"elementor-element elementor-element-fd51393 elementor-widget elementor-widget-text-editor\" data-id=\"fd51393\" data-element_type=\"widget\" data-e-type=\"widget\" data-widget_type=\"text-editor.default\">\n\t\t\t\t\t\t\t\t\t<p style=\"text-align: center;\"><strong>Colabora con nuestra asociaci\u00f3n y su banda de m\u00fasica<\/strong><\/p>\t\t\t\t\t\t\t\t<\/div>\n\t\t<div class=\"elementor-element elementor-element-d4c74f4 e-con-full e-flex e-con e-child\" data-id=\"d4c74f4\" data-element_type=\"container\" data-e-type=\"container\">\n\t\t\t\t<div class=\"elementor-element elementor-element-b1a4206 elementor-widget elementor-widget-text-editor\" data-id=\"b1a4206\" data-element_type=\"widget\" data-e-type=\"widget\" data-widget_type=\"text-editor.default\">\n\t\t\t\t\t\t\t\t\t<p>Nuestra Asociaci\u00f3n no solo est\u00e1 compuesta por la banda de m\u00fasica y sus componentes sino tambi\u00e9n por un nutrido grupo de fans y seguidores de nuestra actividad que adem\u00e1s colaboran con nosotros como socios de nuestra Asociaci\u00f3n.<\/p><p>Asociarte con nosotros es muy f\u00e1cil y econ\u00f3mico. Con una cuota de 15 euros anuales, la Asociaci\u00f3n y su banda de m\u00fasica garantizan sus actividades y existencia a lo largo del tiempo. Por lo que estamos y estaremos eternamente agradecidos a todos aquellos que quieran colaborar con nosotros como socios. Adem\u00e1s de tu colaboraci\u00f3n econ\u00f3mica, tambi\u00e9n disfrutar\u00e1s de peque\u00f1as ventajas:<\/p><ul><li>Asistir a los ensayos generales en los recintos privados en los cuales se realizan ensayos previos a algunos conciertos.<\/li><li>Reserva de entrada y asientos de manera gratuita para los conciertos.<\/li><li>Acceso a pertenecer a la junta directiva de la Asociaci\u00f3n as\u00ed como al derecho de voz y voto en las Asambleas Generales ordinarias y extraordinarias.<\/li><li>Participaci\u00f3n en actividades dentro y fuera de nuestra localidad (comidas y cenas de hermandad, viajes, intercambios etc.).<\/li><\/ul>\t\t\t\t\t\t\t\t<\/div>\n\t\t\t\t<div class=\"elementor-element elementor-element-16841a2 elementor-widget elementor-widget-text-editor\" data-id=\"16841a2\" data-element_type=\"widget\" data-e-type=\"widget\" data-widget_type=\"text-editor.default\">\n\t\t\t\t\t\t\t\t\t<p style=\"text-align: center;\"><strong>\u00bfQu\u00e9 tengo que hacer para hacerme soci@?<\/strong><\/p>\t\t\t\t\t\t\t\t<\/div>\n\t\t\t\t<\/div>\n\t\t\t\t<\/div>\n\t\t\t\t<div class=\"elementor-element elementor-element-45ecf71 elementor-widget elementor-widget-text-editor\" data-id=\"45ecf71\" data-element_type=\"widget\" data-e-type=\"widget\" data-widget_type=\"text-editor.default\">\n\t\t\t\t\t\t\t\t\t<p>Si quieres colaborar con nosotros contacta con nosotros en:<br \/>&#8211; Presencialmente en nuestro local de ensayo: Martes, y Viernes de 20:00 a 21:30. (C\/Levante s\/n \u2013 Callej\u00f3n &#8211; JACA)<\/p><p>&#8211; Descargando el\u00a0<a style=\"font-size: 18px; background-color: #ffffff;\" href=\"https:\/\/drive.google.com\/file\/d\/10rlBuruzGcHblVgVBeKfHKLBgUsq_mRD\/view?usp=drive_link\">Ficha de alta soci@_Asoc. Banda Municipal M\u00fasica de Jaca<\/a><span style=\"font-size: 18px;\">, rellen\u00e1ndolo y entreg\u00e1ndolo en mano en nuestro local de ensayo o envi\u00e1ndolo a nuestro correo <a href=\"mailto:bandasantaorosia@bandamusicajaca.es\">bandasantaorosia@bandamusicajaca.es<\/a><\/span><\/p><p>&#8211; Rellenando los datos del formulario de la p\u00e1gina de <a href=\"https:\/\/bandamusicajaca.es\/index.php\/contacto\/\">contacto<\/a>\u00a0de la web (haz clic o dir\u00edgete a dicha secci\u00f3n) y nos comunicaremos contigo lo antes posible.<\/p><p>No podemos terminar esta carta sin agradecer una vez m\u00e1s tu colaboraci\u00f3n con esta asociaci\u00f3n. Tu aportaci\u00f3n, sea cual sea, es lo que da sentido a esta asociaci\u00f3n y lo que sostiene la que es nuestra gran pasi\u00f3n: la m\u00fasica. No mentir\u00edamos si dij\u00e9semos que hay pocas cosas tan jaquesas como la Banda; por eso, como Junta y en nombre de los m\u00fasicos, queremos agradecer tu ayuda para mantener lo nuestro, la m\u00fasica en Jaca.<\/p><p>\u00a1GRACIAS POR COLABORAR CON NOSOTROS!<\/p>\t\t\t\t\t\t\t\t<\/div>\n\t\t<div class=\"elementor-element elementor-element-eeaefcf e-con-full e-flex e-con e-child\" data-id=\"eeaefcf\" data-element_type=\"container\" data-e-type=\"container\">\n\t\t\t\t<\/div>\n\t\t\t\t\t<\/div>\n\t\t\t\t<\/div>\n\t\t\t\t<\/div>\n\t\t","protected":false},"excerpt":{"rendered":"<p>Hazte soci@ Colabora con nuestra asociaci\u00f3n y su banda de m\u00fasica Nuestra Asociaci\u00f3n no solo est\u00e1 compuesta por la banda de m\u00fasica y sus componentes sino tambi\u00e9n por un nutrido [&hellip;]<\/p>\n","protected":false},"author":1,"featured_media":0,"parent":0,"menu_order":0,"comment_status":"closed","ping_status":"closed","template":"","meta":{"footnotes":""},"class_list":["post-115","page","type-page","status-publish","hentry","entry"],"_links":{"self":[{"href":"https:\/\/bandamusicajaca.es\/index.php\/wp-json\/wp\/v2\/pages\/115","targetHints":{"allow":["GET"]}}],"collection":[{"href":"https:\/\/bandamusicajaca.es\/index.php\/wp-json\/wp\/v2\/pages"}],"about":[{"href":"https:\/\/bandamusicajaca.es\/index.php\/wp-json\/wp\/v2\/types\/page"}],"author":[{"embeddable":true,"href":"https:\/\/bandamusicajaca.es\/index.php\/wp-json\/wp\/v2\/users\/1"}],"replies":[{"embeddable":true,"href":"https:\/\/bandamusicajaca.es\/index.php\/wp-json\/wp\/v2\/comments?post=115"}],"version-history":[{"count":28,"href":"https:\/\/bandamusicajaca.es\/index.php\/wp-json\/wp\/v2\/pages\/115\/revisions"}],"predecessor-version":[{"id":777,"href":"https:\/\/bandamusicajaca.es\/index.php\/wp-json\/wp\/v2\/pages\/115\/revisions\/777"}],"wp:attachment":[{"href":"https:\/\/bandamusicajaca.es\/index.php\/wp-json\/wp\/v2\/media?parent=115"}],"curies":[{"name":"wp","href":"https:\/\/api.w.org\/{rel}","templated":true}]}}