{"id":113,"date":"2025-09-10T10:32:03","date_gmt":"2025-09-10T10:32:03","guid":{"rendered":"https:\/\/bandamusicajaca.es\/?page_id=113"},"modified":"2025-09-16T08:27:18","modified_gmt":"2025-09-16T08:27:18","slug":"escuela","status":"publish","type":"page","link":"https:\/\/bandamusicajaca.es\/index.php\/escuela\/","title":{"rendered":"Escuela de m\u00fasica"},"content":{"rendered":"\t\t<div data-elementor-type=\"wp-page\" data-elementor-id=\"113\" class=\"elementor elementor-113\">\n\t\t\t\t<div class=\"elementor-element elementor-element-8314fd2 e-flex e-con-boxed e-con e-parent\" data-id=\"8314fd2\" data-element_type=\"container\" data-e-type=\"container\">\n\t\t\t\t\t<div class=\"e-con-inner\">\n\t\t\t\t<div class=\"elementor-element elementor-element-c5cfeb9 elementor-widget elementor-widget-heading\" data-id=\"c5cfeb9\" data-element_type=\"widget\" data-e-type=\"widget\" data-widget_type=\"heading.default\">\n\t\t\t\t\t<h2 class=\"elementor-heading-title elementor-size-default\">Escuela Municipal de M\u00fasica y Danza \"Pilar Bayona\"<\/h2>\t\t\t\t<\/div>\n\t\t<div class=\"elementor-element elementor-element-703ebda e-con-full e-flex e-con e-child\" data-id=\"703ebda\" data-element_type=\"container\" data-e-type=\"container\">\n\t\t<div class=\"elementor-element elementor-element-7ec5ceb e-con-full e-flex e-con e-child\" data-id=\"7ec5ceb\" data-element_type=\"container\" data-e-type=\"container\">\n\t\t\t\t<div class=\"elementor-element elementor-element-4121afd elementor-widget elementor-widget-text-editor\" data-id=\"4121afd\" data-element_type=\"widget\" data-e-type=\"widget\" data-widget_type=\"text-editor.default\">\n\t\t\t\t\t\t\t\t\t<p>Nuestra asociaci\u00f3n y su banda de m\u00fasica no disponen de escuela de m\u00fasica como tal pero s\u00ed est\u00e1 ligada en cierta manera a la Escuela Municipal de M\u00fasica y Danza \u201cPilar Bayona\u201d de Jaca, pues bastantes de los m\u00fasicos que forman parte de nuestra banda proceden del alumnado de esta escuela y algunos de \u00e9stos, as\u00ed como nuestro Director, ejercen la labor de profesorado en dicha Escuela.<\/p><p>Seas un ni\u00f1o, un adolescente o un adulto que quieres aprender a tocar un instrumento o si ya tocas alguno y buscas perfeccionar o retomar tus estudios musicales, o simplemente iniciarte en el mundo de la m\u00fasica, la Escuela Municipal de M\u00fasica es tu lugar de referencia en Jaca.<\/p><p>Siendo de titularidad municipal es pues un centro p\u00fablico no estatal, de ense\u00f1anza regulada no oficial, reconocido por el Departamento de Educaci\u00f3n y Cultura del Gobierno de Arag\u00f3n e inscrito en su Registro de Centros (n\u00ba de registro 22005893). Dependiente del Excmo Ayto de Jaca, la Escuela Pca Mpal de M\u00fasica de Jaca es un departamento del mismo, vinculado al \u00e1rea de cultura.<\/p><p>La sede central de la Escuela est\u00e1 situada en la zona norte de la ciudad de Jaca, en direcci\u00f3n al Hospital comarcal y al Burgo de Rapit\u00e1n. Ocupa una de las conocidas, popularmente, \u201cantiguas naves de Agrom\u00e1n\u201d, integrando todas ellas actualmente el denominado Complejo Cultural \u201cLa Paz\u201d. (<a href=\"https:\/\/maps.google.es\/maps?q=C%2F+Isaac+Alb%C3%A9niz+s%2Fn++22700+Jaca&amp;hl=es&amp;ie=UTF8&amp;sll=42.578767,-0.540043&amp;sspn=0.006778,0.009645&amp;hnear=Calle+de+Isaac+Albeniz,+22700+Jaca,+Huesca&amp;t=m&amp;z=17\">Direcci\u00f3n del Centro: C\/ Isaac Alb\u00e9niz s\/n &#8211; Complejo Cultural \u201cLa Paz\u201d 22700 Jaca &#8211; Huesca).<\/a><\/p><p>\u00bfQu\u00e9 departamentos o \u00e1reas ofrece la Escuela?<\/p><p>&#8211; Departamento de viento metal<\/p><p>\u00a0&#8211; Departamento de viento madera: clarinete, saxof\u00f3n, flauta y oboe<\/p><p>&#8211; Departamento de cuerda: guitarra y piano<\/p><p>&#8211; Departamento de percusi\u00f3n<\/p><p>&#8211; Departamento de lenguaje musical<\/p><p>&#8211; Departamento de iniciaci\u00f3n musical<\/p><p>&#8211; Departamento de m\u00fasica moderna y jazz<\/p><p>&#8211; Departamento de instrumentos de viento folcl\u00f3ricos<\/p><p>&#8211; Banda, Banda infantil, Conjuntos instru. de viento madera<\/p><p>&#8211; Conjuntos de viento metal, Camerat<\/p><p>&#8211; Orquesta, Grupos de c\u00e1mara<\/p><p>\u00a0&#8211; Conjunto de pulso y p\u00faa<\/p><p>&#8211; Departamento de musicoterapia<\/p><p>&#8211; Departamento de coro<\/p><p>&#8211; Departamento de danza folcl\u00f3rica<\/p><p>Para m\u00e1s informaci\u00f3n como normativa, programas, tasas y precios p\u00fablicos, actividades, plazo de matriculaci\u00f3n y condiciones. becas de estudios etc. puedes consultar la p\u00e1gina de la Escuela Municipal en <a href=\"https:\/\/www.jaca.es\/cultura\/escuela-de-musica.html\">https:\/\/www.jaca.es\/cultura\/escuela-de-musica.html<\/a>, en la sede del propio centro o a trav\u00e9s de la direcci\u00f3n de correo electr\u00f3nico y\/o tel\u00e9fonos rese\u00f1ados al pie de esta p\u00e1gina.<\/p><p><strong>Horarios de atenci\u00f3n al p\u00fablico<\/strong><\/p><ul><li>Secretar\u00eda: \u00a0La secretar\u00eda del centro, excepto fines de semana y festivos, permanece abierta para el p\u00fablico durante todo el a\u00f1o en los siguientes horarios:<\/li><\/ul><ol><li>a) Ma\u00f1anas: lunes a viernes de 9,00 h. a 14,00 h. <br \/>b) Tardes: mi\u00e9rcoles (solo durante el periodo lectivo) de 18,30 h. a 20,30 h.<\/li><\/ol><ul><li>Direcci\u00f3n: Las personas interesadas en realizar alg\u00fan tipo de consulta a la Direcci\u00f3n del centro, podr\u00e1n hacerlo en los mismos periodos de secretar\u00eda pero en los siguientes horarios:<\/li><\/ul><ol><li>a) Ma\u00f1anas: lunes, martes y viernes de 10,00 h. a 13,00 h. <br \/>b) Tardes: mi\u00e9rcoles y jueves (solo durante el periodo lectivo) de 18,30 h. a 20,30 h.<\/li><\/ol><p>En estos horarios, o fuera de los mismos, ser\u00e1 necesario concertar cita previa a trav\u00e9s de secretar\u00eda.<\/p><p>\u00bfA qu\u00e9 esperas para iniciarte o seguir con tu formaci\u00f3n musical? Ponte en contacto con la Escuela de M\u00fasica a trav\u00e9s de algunos de los datos facilitados.<\/p>\t\t\t\t\t\t\t\t<\/div>\n\t\t\t\t<div class=\"elementor-element elementor-element-de0c4a5 elementor-widget elementor-widget-text-editor\" data-id=\"de0c4a5\" data-element_type=\"widget\" data-e-type=\"widget\" data-widget_type=\"text-editor.default\">\n\t\t\t\t\t\t\t\t\t<p><strong>C\/ Isaac Alb\u00e9niz s\/n (Complejo Cultural \u201cLa Paz\u201d) 22700 Jaca (Huesca) <br \/>Tfno\/Fax.: 974 355 528 <br \/>e-mail: <\/strong><a href=\"mailto:escuelamusica@aytojaca.es\"><strong>escuelamusica@aytojaca.es<\/strong><\/a><\/p>\t\t\t\t\t\t\t\t<\/div>\n\t\t<div class=\"elementor-element elementor-element-a153425 e-grid e-con-full e-con e-child\" data-id=\"a153425\" data-element_type=\"container\" data-e-type=\"container\">\n\t\t\t\t<div class=\"elementor-element elementor-element-7a24bcf elementor-widget elementor-widget-image\" data-id=\"7a24bcf\" data-element_type=\"widget\" data-e-type=\"widget\" data-widget_type=\"image.default\">\n\t\t\t\t\t\t\t\t\t\t\t\t\t\t\t<img decoding=\"async\" width=\"180\" height=\"125\" src=\"https:\/\/bandamusicajaca.es\/wp-content\/uploads\/2025\/09\/escuela-de-musica-1.jpg\" class=\"attachment-2048x2048 size-2048x2048 wp-image-356\" alt=\"\" \/>\t\t\t\t\t\t\t\t\t\t\t\t\t\t\t<\/div>\n\t\t\t\t<div class=\"elementor-element elementor-element-1a7bfa8 elementor-widget elementor-widget-image\" data-id=\"1a7bfa8\" data-element_type=\"widget\" data-e-type=\"widget\" data-widget_type=\"image.default\">\n\t\t\t\t\t\t\t\t\t\t\t\t\t\t\t<img decoding=\"async\" width=\"180\" height=\"125\" src=\"https:\/\/bandamusicajaca.es\/wp-content\/uploads\/2025\/09\/escuela-de-musica-2.jpg\" class=\"attachment-2048x2048 size-2048x2048 wp-image-357\" alt=\"\" \/>\t\t\t\t\t\t\t\t\t\t\t\t\t\t\t<\/div>\n\t\t\t\t<div class=\"elementor-element elementor-element-1601c31 elementor-widget elementor-widget-image\" data-id=\"1601c31\" data-element_type=\"widget\" data-e-type=\"widget\" data-widget_type=\"image.default\">\n\t\t\t\t\t\t\t\t\t\t\t\t\t\t\t<img decoding=\"async\" width=\"180\" height=\"125\" src=\"https:\/\/bandamusicajaca.es\/wp-content\/uploads\/2025\/09\/escuela-de-musica-3.jpg\" class=\"attachment-2048x2048 size-2048x2048 wp-image-358\" alt=\"\" \/>\t\t\t\t\t\t\t\t\t\t\t\t\t\t\t<\/div>\n\t\t\t\t<\/div>\n\t\t\t\t<\/div>\n\t\t\t\t<\/div>\n\t\t\t\t\t<\/div>\n\t\t\t\t<\/div>\n\t\t<div class=\"elementor-element elementor-element-6685765 e-flex e-con-boxed e-con e-parent\" data-id=\"6685765\" data-element_type=\"container\" data-e-type=\"container\">\n\t\t\t\t\t<div class=\"e-con-inner\">\n\t\t\t\t<div class=\"elementor-element elementor-element-d30b05a elementor-widget elementor-widget-google_maps\" data-id=\"d30b05a\" data-element_type=\"widget\" data-e-type=\"widget\" data-widget_type=\"google_maps.default\">\n\t\t\t\t\t\t\t<div class=\"elementor-custom-embed\">\n\t\t\t<iframe loading=\"lazy\"\n\t\t\t\t\tsrc=\"https:\/\/maps.google.com\/maps?q=Escuela%20Municipal%20de%20M%C3%BAsica%20de%20Jaca&#038;t=m&#038;z=13&#038;output=embed&#038;iwloc=near\"\n\t\t\t\t\ttitle=\"Escuela Municipal de M\u00fasica de Jaca\"\n\t\t\t\t\taria-label=\"Escuela Municipal de M\u00fasica de Jaca\"\n\t\t\t><\/iframe>\n\t\t<\/div>\n\t\t\t\t\t\t<\/div>\n\t\t\t\t\t<\/div>\n\t\t\t\t<\/div>\n\t\t\t\t<\/div>\n\t\t","protected":false},"excerpt":{"rendered":"<p>Escuela Municipal de M\u00fasica y Danza \u00abPilar Bayona\u00bb Nuestra asociaci\u00f3n y su banda de m\u00fasica no disponen de escuela de m\u00fasica como tal pero s\u00ed est\u00e1 ligada en cierta manera [&hellip;]<\/p>\n","protected":false},"author":1,"featured_media":0,"parent":0,"menu_order":0,"comment_status":"closed","ping_status":"closed","template":"","meta":{"footnotes":""},"class_list":["post-113","page","type-page","status-publish","hentry","entry"],"_links":{"self":[{"href":"https:\/\/bandamusicajaca.es\/index.php\/wp-json\/wp\/v2\/pages\/113","targetHints":{"allow":["GET"]}}],"collection":[{"href":"https:\/\/bandamusicajaca.es\/index.php\/wp-json\/wp\/v2\/pages"}],"about":[{"href":"https:\/\/bandamusicajaca.es\/index.php\/wp-json\/wp\/v2\/types\/page"}],"author":[{"embeddable":true,"href":"https:\/\/bandamusicajaca.es\/index.php\/wp-json\/wp\/v2\/users\/1"}],"replies":[{"embeddable":true,"href":"https:\/\/bandamusicajaca.es\/index.php\/wp-json\/wp\/v2\/comments?post=113"}],"version-history":[{"count":23,"href":"https:\/\/bandamusicajaca.es\/index.php\/wp-json\/wp\/v2\/pages\/113\/revisions"}],"predecessor-version":[{"id":397,"href":"https:\/\/bandamusicajaca.es\/index.php\/wp-json\/wp\/v2\/pages\/113\/revisions\/397"}],"wp:attachment":[{"href":"https:\/\/bandamusicajaca.es\/index.php\/wp-json\/wp\/v2\/media?parent=113"}],"curies":[{"name":"wp","href":"https:\/\/api.w.org\/{rel}","templated":true}]}}

Escuela de música

<div data-elementor-type="wp-page" data-elementor-id="113" class="elementor elementor-113">
				<div class="elementor-element elementor-element-8314fd2 e-flex e-con-boxed e-con e-parent" data-id="8314fd2" data-element_type="container" data-e-type="container">
					<div class="e-con-inner">
				<div class="elementor-element elementor-element-c5cfeb9 elementor-widget elementor-widget-heading" data-id="c5cfeb9" data-element_type="widget" data-e-type="widget" data-widget_type="heading.default">
					<h2 class="elementor-heading-title elementor-size-default">Escuela Municipal de Música y Danza "Pilar Bayona"</h2>				</div>
		<div class="elementor-element elementor-element-703ebda e-con-full e-flex e-con e-child" data-id="703ebda" data-element_type="container" data-e-type="container">
		<div class="elementor-element elementor-element-7ec5ceb e-con-full e-flex e-con e-child" data-id="7ec5ceb" data-element_type="container" data-e-type="container">
				<div class="elementor-element elementor-element-4121afd elementor-widget elementor-widget-text-editor" data-id="4121afd" data-element_type="widget" data-e-type="widget" data-widget_type="text-editor.default">
									<p>Nuestra asociación y su banda de música no disponen de escuela de música como tal pero sí está ligada en cierta manera a la Escuela Municipal de Música y Danza “Pilar Bayona” de Jaca, pues bastantes de los músicos que forman parte de nuestra banda proceden del alumnado de esta escuela y algunos de éstos, así como nuestro Director, ejercen la labor de profesorado en dicha Escuela.</p><p>Seas un niño, un adolescente o un adulto que quieres aprender a tocar un instrumento o si ya tocas alguno y buscas perfeccionar o retomar tus estudios musicales, o simplemente iniciarte en el mundo de la música, la Escuela Municipal de Música es tu lugar de referencia en Jaca.</p><p>Siendo de titularidad municipal es pues un centro público no estatal, de enseñanza regulada no oficial, reconocido por el Departamento de Educación y Cultura del Gobierno de Aragón e inscrito en su Registro de Centros (nº de registro 22005893). Dependiente del Excmo Ayto de Jaca, la Escuela Pca Mpal de Música de Jaca es un departamento del mismo, vinculado al área de cultura.</p><p>La sede central de la Escuela está situada en la zona norte de la ciudad de Jaca, en dirección al Hospital comarcal y al Burgo de Rapitán. Ocupa una de las conocidas, popularmente, “antiguas naves de Agromán”, integrando todas ellas actualmente el denominado Complejo Cultural “La Paz”. (<a href="https://maps.google.es/maps?q=C%2F+Isaac+Alb%C3%A9niz+s%2Fn++22700+Jaca&amp;hl=es&amp;ie=UTF8&amp;sll=42.578767,-0.540043&amp;sspn=0.006778,0.009645&amp;hnear=Calle+de+Isaac+Albeniz,+22700+Jaca,+Huesca&amp;t=m&amp;z=17">Dirección del Centro: C/ Isaac Albéniz s/n &#8211; Complejo Cultural “La Paz” 22700 Jaca &#8211; Huesca).</a></p><p>¿Qué departamentos o áreas ofrece la Escuela?</p><p>&#8211; Departamento de viento metal</p><p> &#8211; Departamento de viento madera: clarinete, saxofón, flauta y oboe</p><p>&#8211; Departamento de cuerda: guitarra y piano</p><p>&#8211; Departamento de percusión</p><p>&#8211; Departamento de lenguaje musical</p><p>&#8211; Departamento de iniciación musical</p><p>&#8211; Departamento de música moderna y jazz</p><p>&#8211; Departamento de instrumentos de viento folclóricos</p><p>&#8211; Banda, Banda infantil, Conjuntos instru. de viento madera</p><p>&#8211; Conjuntos de viento metal, Camerat</p><p>&#8211; Orquesta, Grupos de cámara</p><p> &#8211; Conjunto de pulso y púa</p><p>&#8211; Departamento de musicoterapia</p><p>&#8211; Departamento de coro</p><p>&#8211; Departamento de danza folclórica</p><p>Para más información como normativa, programas, tasas y precios públicos, actividades, plazo de matriculación y condiciones. becas de estudios etc. puedes consultar la página de la Escuela Municipal en <a href="https://www.jaca.es/cultura/escuela-de-musica.html">https://www.jaca.es/cultura/escuela-de-musica.html</a>, en la sede del propio centro o a través de la dirección de correo electrónico y/o teléfonos reseñados al pie de esta página.</p><p><strong>Horarios de atención al público</strong></p><ul><li>Secretaría:  La secretaría del centro, excepto fines de semana y festivos, permanece abierta para el público durante todo el año en los siguientes horarios:</li></ul><ol><li>a) Mañanas: lunes a viernes de 9,00 h. a 14,00 h. <br />b) Tardes: miércoles (solo durante el periodo lectivo) de 18,30 h. a 20,30 h.</li></ol><ul><li>Dirección: Las personas interesadas en realizar algún tipo de consulta a la Dirección del centro, podrán hacerlo en los mismos periodos de secretaría pero en los siguientes horarios:</li></ul><ol><li>a) Mañanas: lunes, martes y viernes de 10,00 h. a 13,00 h. <br />b) Tardes: miércoles y jueves (solo durante el periodo lectivo) de 18,30 h. a 20,30 h.</li></ol><p>En estos horarios, o fuera de los mismos, será necesario concertar cita previa a través de secretaría.</p><p>¿A qué esperas para iniciarte o seguir con tu formación musical? Ponte en contacto con la Escuela de Música a través de algunos de los datos facilitados.</p>								</div>
				<div class="elementor-element elementor-element-de0c4a5 elementor-widget elementor-widget-text-editor" data-id="de0c4a5" data-element_type="widget" data-e-type="widget" data-widget_type="text-editor.default">
									<p><strong>C/ Isaac Albéniz s/n (Complejo Cultural “La Paz”) 22700 Jaca (Huesca) <br />Tfno/Fax.: 974 355 528 <br />e-mail: </strong><a href="mailto:escuelamusica@aytojaca.es"><strong>escuelamusica@aytojaca.es</strong></a></p>								</div>
		<div class="elementor-element elementor-element-a153425 e-grid e-con-full e-con e-child" data-id="a153425" data-element_type="container" data-e-type="container">
				<div class="elementor-element elementor-element-7a24bcf elementor-widget elementor-widget-image" data-id="7a24bcf" data-element_type="widget" data-e-type="widget" data-widget_type="image.default">
															<img decoding="async" width="180" height="125" src="https://bandamusicajaca.es/wp-content/uploads/2025/09/escuela-de-musica-1.jpg" class="attachment-2048x2048 size-2048x2048 wp-image-356" alt="" />															</div>
				<div class="elementor-element elementor-element-1a7bfa8 elementor-widget elementor-widget-image" data-id="1a7bfa8" data-element_type="widget" data-e-type="widget" data-widget_type="image.default">
															<img decoding="async" width="180" height="125" src="https://bandamusicajaca.es/wp-content/uploads/2025/09/escuela-de-musica-2.jpg" class="attachment-2048x2048 size-2048x2048 wp-image-357" alt="" />															</div>
				<div class="elementor-element elementor-element-1601c31 elementor-widget elementor-widget-image" data-id="1601c31" data-element_type="widget" data-e-type="widget" data-widget_type="image.default">
															<img decoding="async" width="180" height="125" src="https://bandamusicajaca.es/wp-content/uploads/2025/09/escuela-de-musica-3.jpg" class="attachment-2048x2048 size-2048x2048 wp-image-358" alt="" />															</div>
				</div>
				</div>
				</div>
					</div>
				</div>
		<div class="elementor-element elementor-element-6685765 e-flex e-con-boxed e-con e-parent" data-id="6685765" data-element_type="container" data-e-type="container">
					<div class="e-con-inner">
				<div class="elementor-element elementor-element-d30b05a elementor-widget elementor-widget-google_maps" data-id="d30b05a" data-element_type="widget" data-e-type="widget" data-widget_type="google_maps.default">
							<div class="elementor-custom-embed">
			<iframe loading="lazy"
					src="https://maps.google.com/maps?q=Escuela%20Municipal%20de%20M%C3%BAsica%20de%20Jaca&#038;t=m&#038;z=13&#038;output=embed&#038;iwloc=near"
					title="Escuela Municipal de Música de Jaca"
					aria-label="Escuela Municipal de Música de Jaca"
			></iframe>
		</div>
						</div>
					</div>
				</div>
				</div>

<p>Escuela Municipal de Música y Danza «Pilar Bayona» Nuestra asociación y su banda de música no disponen de escuela de música como tal pero sí está ligada en cierta manera [&hellip;]</p>
